*3 + u. Let g be o(1). Suppose 145 + 53 = 99*b. Suppose 5*f + b*q - g = -2*q, 0 = f - 4*q - 466. Is f composite?
True
Let w(b) = 10*b + 587*b**2 - 15*b - 2 - 3. Is w(-5) composite?
True
Let t be (-2 + -2)/((-1)/(-2)). Let n(u) = 3*u**3 + 2. Let w(r) = 5*r**3 - 8*r**2 + 5*r - 21. Let l(m) = 2*n(m) - w(m). Is l(t) a composite number?
True
Let m = 33 + -29. Suppose -m*p - 2*v + 9 = -1, -2*p + 2 = -2*v. Is (1 - -77) + p/4*2 prime?
True
Let l = 103120 - 61241. Is l a composite number?
False
Suppose -590 = -2*z - 584. Suppose -18507 = -4*x - 8*l + 3*l, -4*x + 18517 = z*l. Is x prime?
False
Suppose -1020 = -3*k - 8946. Let y be -2 + -2 - k/2. Let p = y + -430. Is p composite?
False
Let x = 1168356 + -283008. Is ((-2)/4)/((-18)/x) composite?
False
Suppose 4*h + 10344 = 8*h. Let s = 8071 - h. Is s prime?
False
Let u(r) = -27*r + 50. Let c be u(-5). Let v(x) = 36*x**3 + 4*x**2 - 4*x + 2. Let j be v(2). Let q = j - c. Is q composite?
False
Let w be -54*(0 - 2/6). Let i(c) = -16*c + w*c + 469 - 4*c - c**2. Is i(0) composite?
True
Suppose 5*y + 25 = -2*h, -3*y - 3*h = 10 - 4. Let g(b) be the third derivative of b**5/4 + 25*b**4/24 + b**3/2 - 15*b**2. Is g(y) composite?
False
Let c = 124 - 66. Let s(p) = -13*p + 26 - 29*p**2 - 30*p**2 + c*p**2. Is s(-12) prime?
False
Suppose 17*v = 5*v + 2244. Suppose v + 185 = 4*d. Is d a prime number?
False
Suppose 802*u - 806*u = -15860. Let d = u - 2308. Is d prime?
True
Suppose 3*l - 26*f - 47169 = -23*f, 3*f + 15715 = l. Is l composite?
False
Let t be 1/(1 - (-193776)/(-193784)). Suppose 4*i - t - 16029 = 0. Is i a composite number?
True
Is (136443 - 0)/(20 - 6 - 11) composite?
False
Suppose 2537*t + 192795 = k + 2542*t, 2*k - 385574 = -2*t. Is k prime?
False
Suppose 0 = -22*h + 921722 - 132252. Is h a prime number?
False
Let h be (149/(-3))/(0 - (-2)/6). Let w = h + 528. Is w prime?
True
Suppose 5*q - 7023 + 1473 = 0. Let a(w) = 2*w**2 + 41*w + 213. Let b be a(48). Suppose -q = 9*o - b. Is o a prime number?
True
Suppose -f + 5*j + 2601 = -0*j, -5*f + 3*j + 13137 = 0. Is f composite?
True
Suppose -6933390 = -47*k + 22515625 - 7037958. Is k composite?
False
Is 1/((4 + -3)/3691) prime?
True
Let v(k) = -6*k**3 - k**2 + 3*k + 38. Let z be -6 - (5 - 6/2). Is v(z) a composite number?
True
Suppose -36*j - 396 = 8*j. Is -2*(j - 69426/12) a composite number?
True
Let h(o) = 12*o + 13. Let n = 69 - -2. Suppose -17 - n = -8*b. Is h(b) a prime number?
False
Let c be (-8)/(-7)*119/34. Suppose 3*o - 9111 = -7*f + c*f, 0 = 5*o - 2*f - 15185. Is o composite?
False
Let u(m) = 15*m**3 + 9*m**2 - 107*m - 3. Is u(8) a composite number?
True
Suppose 0 = 8*s - 9 - 31. Suppose 5*m = s*c + 10, -4*c + 1 - 3 = -2*m. Suppose -u + m*u - 108 = -g, g = -2. Is u prime?
False
Let n(b) = -86*b - 74*b - 38 - 77*b. Is n(-7) prime?
True
Let p be (-7)/(14/4) + (6 - 481). Suppose f - 222 = 40. Let k = f - p. Is k a composite number?
False
Let n(i) = -236*i**3 + 2*i**2 + 22*i + 181. Is n(-6) a prime number?
False
Let y(m) = -18*m**3 + 2*m**2 + 4*m + 2. Let o be y(-1). Suppose -o*x + 262 = -1070. Is x prime?
False
Is ((-393811)/(-22))/(((-6)/(-60))/((-9)/(-15))) a composite number?
True
Is 6 + (1303/4)/((10 - 13)/(-60)) a composite number?
False
Suppose 0 = -4*g - u + 910963, -4*u + 815747 = 4*g - 95213. Is g prime?
False
Suppose 0 = -3*h - 3*r + 1466313, 2*r = 2*h + 223124 - 1200650. Is h prime?
False
Let s(r) = -144*r**2 - 7*r - 8. Let f be s(6). Let m = -2137 - f. Is m a composite number?
True
Let d(y) = y**2 + 13*y + 10. Let a be d(-12). Let w be 1 - (-1 + 2 + a)*219. Let z = w + 107. Is z a composite number?
True
Let a(s) = 2994*s + 7579. Is a(96) a prime number?
False
Let g be 0 - (-4 + 2 - -4). Let h be 0/2 - g/((-2)/1). Is (-6 + 3 - h) + 889 - -2 composite?
True
Let w = 594 - 947. Let d = w - -2145. Suppose 0 = 2*t - d - 1294. Is t composite?
False
Suppose -100*x + 10*x + 5212710 = 0. Is x a composite number?
True
Let k be (36/24)/(1353465/(-451160) - -3). Suppose -2*o - 4*i = -4*o + 22550, 4*i = 4*o - k. Is o prime?
False
Suppose 0 = 21*j - 18*j - 45. Let i(a) = -a**3 + 5*a**2 + 3*a - 4. Let x be i(6). Let l = j - x. Is l a composite number?
False
Let i(r) = 86*r**3 + r**2 + 14*r - 31. Let w(s) = 9*s - 97. Let h be w(11). Is i(h) composite?
True
Let z(f) be the second derivative of -f**5/10 - 4*f**4/3 + 52*f**3/3 + 13*f**2/2 - 94*f. Is z(-18) prime?
True
Let z = 1761 + 26246. Is z prime?
False
Is ((-18)/(-2691))/(1/13) - 61915674/(-46) prime?
False
Let z = -1314425 + 1910812. Is z prime?
False
Suppose 17072 = 4*z + 3*v, -17072 = -6*z + 2*z + 2*v. Suppose 0 = 436*u - 432*u - z. Is u a composite number?
True
Suppose 32*i - 137606 = -7*i + 25*i. Is i a prime number?
True
Suppose 47*d = 51*d - 171220. Let l = d - 25032. Is l a composite number?
True
Let d be (2*1 - 1) + (-10)/10. Suppose -4*r - 2731 + 383 = d. Is (-6 - -8)*r/(-2) a composite number?
False
Suppose -24*l = -22*l - 10. Suppose -20 = -l*i - 5. Is 1484/(-8)*(i - (2 + 3)) composite?
True
Suppose -3*k - 160 = k + 4*z, 0 = -3*z - 9. Let g = k - -51. Let q(j) = 18*j**2 - 29*j - 31. Is q(g) a prime number?
False
Let c = -494 - -488. Is 6/(-9)*142731/c a prime number?
True
Suppose -5*l + 2*w = -274743 - 199924, -2*l + 189861 = 5*w. Is l prime?
True
Suppose 74*k - 76*k = -5*o - 578671, 2*k - 578698 = -4*o. Is k composite?
False
Let b = 4 - 4. Suppose 28*g - 36916 = -1664. Suppose b*v - g = -d - 3*v, -d = -2*v - 1239. Is d prime?
False
Let c = 481 + -471. Is 14493 + ((-25)/c - (-9)/(-6)) a prime number?
True
Let z = -147704 - -215077. Is z a prime number?
False
Let f be ((-2)/7)/((-30)/105). Let j be (f + 69/(-12))*(4 + -320). Let b = j - 707. Is b composite?
True
Let h(a) = 12*a**2 - 2*a + 5. Let q(s) = 12*s**2 - 2*s + 5. Let b(o) = -3*h(o) + 4*q(o). Let l = 80 - 86. Is b(l) a composite number?
False
Suppose -7*y = -4*y - 18. Suppose -2*v + y*v + 8424 = 0. Let s = -1387 - v. Is s prime?
True
Let x(m) = 666*m**2 + 23*m + 13. Let l = -449 - -445. Is x(l) composite?
True
Let k be 1*((-1)/5 + (-234)/(-45)). Suppose -4*c - c - 4*d = 110, -k*d = 25. Is 7/2 + -2 - 11331/c prime?
True
Suppose 124136 = 5*l + 2*q - 5*q, -2*q = -6. Is l a prime number?
False
Suppose -3*c = b + 30, 3*b + c = b - 35. Let q be -1*122*b/(-3). Let g = -423 - q. Is g a composite number?
True
Let s(f) = 10*f**2 - 8*f - 33. Let t be 40/(-6)*(4 + 55/(-10)). Is s(t) composite?
False
Suppose -4*r - 8 = t, -4*r - 2*t - 13 + 1 = 0. Let z(x) be the second derivative of -92*x**3 + x**2/2 + 41*x - 1. Is z(r) a composite number?
True
Let p be (-6)/8 + (-252537)/(-12) + -10. Let w = 29921 - p. Is w composite?
False
Suppose -241 = 13*x + 15268. Let a = x + 805. Let q = 789 + a. Is q prime?
True
Let a(c) = 3408*c**2 + 24*c - 43. Is a(-5) a composite number?
False
Suppose 351*l = 366*l - 291855. Is l composite?
False
Let q be (162/(-72))/(2/(-1216)). Suppose q*j = 1375*j - 3787. Is j a composite number?
False
Suppose -16469 = -25*j + 18231. Let d = j - -389. Is d prime?
True
Suppose q - 33 = 3*q + 5*v, v + 111 = -4*q. Let i = -26 - q. Suppose 2361 = i*j - 3*o - o, 0 = 4*o. Is j a prime number?
True
Let t = -5902 + 1376. Let o = -2399 - t. Is o a prime number?
False
Let c = 23577 + -16408. Is c composite?
True
Suppose 64257 + 114487 = 4*b. Is b composite?
True
Let q(y) = 3*y - 29*y**2 + 174*y**2 - 39 + 44. Is q(3) a composite number?
False
Suppose -4*x + 2346 = -5*g - 453, 3*x - g - 2102 = 0. Is x prime?
True
Let d(g) = 2*g**2 - 4*g - 3. Let l be d(3). Suppose 4*a = 6*f - l*f + 12604, -4*f + 6324 = 2*a. Let j = 1307 + a. Is j prime?
False
Let m = -636082 - -1672083. Is m a composite number?
False
Suppose 0 = -17*m + 22*m - 25. Suppose 0 = -m*v + 6*v - 358. Let s = v + -137. Is s prime?
False
Let z(q) = q**2 + 19*q - 42. Let n be z(-21). Let s(t) = -12*t + 2459. Is s(n) prime?
True
Suppose -5*s + 92921 = -3*f, 2*f + 103345 = 4*s + 29009. Suppose s = 2*l - 30631. Is l a composite number?
True
Suppose -2*x = 4*p - 2550, -542*p + 543*p - 648 = -4*x. Let s be (-1)/1 - -602*3. Let n = s - p. Is n a prime number?
False
Suppose -61710407 = -67*r - 33*r - 1956507. Is r composite?
False
Suppose -4*i - 13 - 60 = -5*x, 3*i - 2*x + 46 = 0. Let j be 534/(-36) + 2/i. Let h(a) = -2*a**3 - 15*a**2 + 16*a + 2. Is h(j) prime?
True
Let r(w) = w**2 + 1. Let l be